e 17 - ((10 - 18) + 17 - 10).
18
What is the value of (20 - (-13 + 32)) + -7?
-6
Evaluate 3 + 2 + -3 - (106 + -115).
11
What is the value of -6 + 0 - (-6 - (-9 + (0 - -8)))?
-1
What is the value of 50 - (6 + 3 - (-21 + 21 - 1))?
40
5 + (-11 - -11) - 3 - -15
17
What is -24 - (-15 + -12 + 9 + 3)?
-9
What is 1 - -5 - (11 + 8)?
-13
-6 - -2 - ((-32 - -31) + -1 + -5)
3
Calculate 3 - 6 - 11 - -7 - (-3 - -18).
-22
Calculate -11 + 17 + 1 + -1 + -6 - 9.
-9
Calculate (153 - 163) + 0 + 32.
22
What is the value of 0 + 3 + (-7 - -10)?
6
What is the value of (-13 - -3) + 24 + -22 + 8?
0
What is (-5 - 0) + (16 - (36 + -24))?
-1
Calculate 8 - (-18 + 10 + 17) - 6 - -5.
-2
-5 + -1 - (111 + -125)
8
What is the value of 5 + -5 - (44 - 65)?
21
Evaluate (-4 - -10 - 5) + (-3 - -6) + -17.
-13
Evaluate -631 - -605 - (3 + -18).
-11
(-8 - -8) + -40 + 30
-10
What is (7 - (-4 + 6)) + 1 + -5 + 12?
13
0 + -47 - (36 - (-42 - -90))
-35
Evaluate (-13 + (8 - 3) + 1 - -2) + -2.
-7
3 + 3 + (8 + 5 - 1) - 5
13
What is the value of 202 - 191 - (3 + 0)?
8
Evaluate -5 - (-14 + 1) - -5.
13
Evaluate 4 + -6 + 2 + -5 + 3.
-2
Calculate 11 - 16 - -17 - (-5 - 16).
33
Calculate -8 + (2 - 6) + (39 - 34).
-7
Evaluate -23 + 31 + (-1 - (21 + -8)).
-6
What is the value of (3 - 2 - 1) + (-300 - -304)?
4
Evaluate (653 - 594) + (-1 - 35).
23
What is -2 + ((21 - 1) + -8 - -10)?
20
What is the value of -64 - -29 - -36 - (14 + -1 - 1)?
-11
Calculate 0 - 0 - (-12 + (0 - (-13 + 7))).
6
17 + (3 - 49) - -24
-5
Calculate -24 + (-17 - (-47 - 0)).
6
Calculate (-9 + 16 - 11) + -2 - (12 - 33).
15
Calculate -7 + -1 + (126 - 118).
0
What is the value of 69 + -46 - (27 + -2)?
-2
-7 + 30 + -15 - 28
-20
Evaluate -19 + (20 - (12 - -14)).
-25
What is the value of -29 - 2 - (-262 - -229)?
2
(-2 - -8 - 11 - -6) + -8 - -23
16
Calculate -30 + (-6 - -50) + -11.
3
What is -2 - (-17 - -10) - (-14 + 3)?
16
What is the value of 31 - (19 - (8 - 4))?
16
What is (9 - (18 - 1)) + 14?
6
0 + -16 + (41 - (-62 + 106))
-19
What is -4 + 6 + -3 + (6 - (6 - 0))?
-1
What is 0 - 16 - (-260 + 249)?
-5
Evaluate -56 + 16 - (-10 - 0) - (3 + -2).
-31
What is the value of -2 + (-4 + (-3 - -2) - -13)?
6
What is 15 - 22 - -25 - 12 - (12 - -1)?
-7
What is (0 + 1 - 0) + -32 + (26 - 3)?
-8
What is -157 + 117 + (28 - -5)?
-7
3 + (43 - 42) + (0 - (5 - -2))
-3
Evaluate 12 + (-17 - (21 + -10)).
-16
-1 + -15 - -2 - 23 - -7
-30
What is the value of -5 + 8 + -8 + -8 + 31?
18
9 - -24 - 28 - (-14 - 2)
21
Evaluate 7 - (7 - (-9 + 3)) - -7.
1
Calculate 16 - ((-1 - 5) + (-226 - -248)).
0
What is (-34 - -13) + 21 + (-1 - 3)?
-4
Calculate 19 + -18 + (4 - 13).
-8
What is the value of -7 + -2 + 20 - 6 - 5?
0
What is (-4 + 8 - (6 + 5)) + 24?
17
Evaluate (12 - (-9 - 2 - -26)) + (-2 - -21).
16
-3 + 2 + -1 + 7 + -11 + 8
2
What is the value of (-13 - -14) + 5 - (-3 + (-11 - -8))?
12
(2 + -1 - 5) + -5 + 1
-8
What is the value of (6 - 1) + (3 - (-4 - (1 - 16)))?
-3
Evaluate (18 - (12 + 10)) + -5.
-9
30 + -17 + -25 - -13 - -39
40
Evaluate ((-7 - -10) + -15 - -11) + -2 + -5.
-8
What is -4 + (-34 - -32) - (-1 - 15)?
10
What is the value of (-33 - -5) + 16 + 6?
-6
What is -16 - -7 - ((0 - -4) + (1 - 1))?
-13
Calculate -24 - (-55 + 25) - 11.
-5
What is the value of (11 - -1) + -250 + 234?
-4
What is -1 + -6 + -15 + 22?
0
Calculate (-21 - -25) + 1 + 2 - (1 - -16).
-10
Evaluate (3 + (4 - 10) - (-4 - 3)) + 5.
9
2 + (15 - 8 - (6 - 0))
3
What is (30 - (24 + -2)) + (-9 - 3)?
-4
(-1 + 10 + 17 + -27 - -10) + -7
2
-28 + 4 + 9 + (-2 - 0)
-17
Calculate -14 - (-51 + 13 + 13).
11
What is (-22 - -1 - 3) + (5 - (-9 - -7))?
-17
Calculate 31 - (1 + 10 - 0).
20
Calculate (-1 - 3 - -2) + (-1 + -3 - 11).
-17
What is the value of -8 - (-16 - (-9 + 19))?
18
Calculate -2 - -2 - (8 - 4) - (-16 + 0).
12
Calculate -3 + 7 - (45 + -51).
10
What is -4 - 0 - (-1 - (-3 - 14) - 21)?
1
What is 3 - (2 + 7 - (17 - 13))?
-2
What is the value of 5 - (1 - 3) - (-1 + 1 + -4)?
11
(-9 - -1) + 22 + (10 + -8 - 4)
12
What is 1 - (-2 - 8 - -18)?
-7
What is -2 + 3 + -12 - (-2 - 3)?
-6
What is the value of 13 - (-12 + -1 + 7 + -1)?
20
What is the value of (6 + -5 - 0 - 0) + (-4 - 0)?
-3
What is the value of 26 - (2 - -8) - (18 - 17)?
15
Evaluate (-12 - (-9 + 7)) + -5 + -5.
-20
What is (-52 + 20 - -21) + 9 - (5 + -2)?
-5
What is the value of -10 - -19 - (20 - 1) - 11?
-21
What is -26 + (-14 + 8 - -29)?
-3
Calculate -1 + -23 + (9 - -6) + 8.
-1
What is (-11 - -8) + (-1 - (-4 - 5))?
5
2 + (-20 - (-10 + 2)) - -8
-2
What is 12 - (7 - -13) - (9 + (-1 - 4))?
-12
Evaluate 11 + (-27 - -44) + -19.
9
What is 2 + (8 + -7 - 8) - (5 + -11)?
1
Calculate 8 + (19 - 33) + -8.
-14
(33 - 28) + (8 - 5) + -21
-13
What is the value of 4 + -3 + 8 + (-3 - 8) + -11?
-13
Calculate (35 - (-16 - -104)) + 33.
-20
-588 - -591 - ((-1 - -2) + -12)
14
What is the value of -93 - -121 - (18 + 2)?
8
4 + (-1 - 22) - -1
-18
What is the value of -16 + (0 - (10 + -16) - 8)?
-18
What is (14 - 18) + 1 + 2 + -4 + -4?
-9
What is (1 + (2 - 0) - 5) + 6 - 3?
1
Calculate -28 + (2 + 20 - -7).
1
7 - 2 - (16 + -5 + 2) - 9
-17
What is the value of (-3 - 1) + 8 + 83 + -99?
-12
Evaluate -9 - 4 - (-12 + -10 + 9).
0
What is -7 + -6 + 10 + 1 + -14?
-16
Calculate -28 + 2 + 21 - 24.
-29
What is the value of (4 - 26) + (2 - (3 + -8))?
-15
Evaluate -18 + 16 + (1 + 2 - (1 + 1)).
-1
Calculate 16 - (-8 + (0 - -14)).
10
-5 + 1 - (-7 + (-5 - 6))
14
Evaluate -19 + (1 - (14 + -45)).
13
What is the value of 1 - -5 - (57 + -34 - 24)?
7
What is the value of 4 - 15 - -12 - (3 - -25)?
-27
0 - ((-1 - -10) + (-48 - -37))
2
Evaluate -51 + 36 - (-19 - -19).
-15
(0 - -18) + (600 - 608) - (-1 - -6)
5
1 - -2 - (-22 + 38 + -17)
4
What is the value of -19 + 59 + -14 - 10?
16
What is the value of -7 + (24 - 3) + (17 - 28)?
3
Calculate -18 + 27 - (3 + (1 - 0)) - -3.
8
What is (-1 + 0 - (23 + -16)) + 40?
32
-22 + -4 - (-6 + 18 + -19) - -4
-15
Calculate 15 + (-17 - -19) + -9.
8
Calculate -1 + 30 - (-28 + -26 + 68).
15
-5 + (-17 - (12 + -25))
-9
(-8 - -1) + (-10 + -5 - (-11 - 1))
-10
Evaluate (-16 - (1 + -3 + -10)) + 18.
14
What is the value of 20 + -7 + (-4 + -3 - -1)?
7
Evaluate 26 - 14 - (9 + -2 + -1).
6
Evaluate -7 - (-5 + (-7 + 4 - -9) + -29).
21
Calculate -37 - -30 - 0 - (-4 - (11 - 4)).
4
(3 - 0) + 483 + -487
-1
Calculate -7 + (4 + (2 - -6) - 4).
1
Evaluate 0 - (1 + 5 - (21 + -15 + 7)).
7
Evaluate 0 + -14 + (1 - -2 - 4) - -3.
-12
Calculate 2 - 1 - (10 + (15 - 32)).
8
Evaluate -5 + 1 + (3 - -1 - -7) + -12.
-5
0 - (-1 - 4) - (-17 - 35 - -55)
2
Calculate 37 - ((9 - -7) + (-1 - 3)).
25
What is the value of 49 - 5 - (212 - 184)?
16
-65 - (-2 + -41 + 13)
-35
Evaluate (-366 - -377) + -1 + 1 + -1.
10
Evaluate (2 - (-6 + -9)) + -4.
13
Evaluate -4 - (26 - 23) - -13.
6
Calculate 18 + -10 + (8 - (6 - 6)).
16
What is the value of (17 - (-5 - -5)) + -70 + 70?
17
Calculate (-6 - -6) + 3 + -1 + 5 - 20.
-13
What is -11 + (-4 - 18 - -24) + (0 - 9)?
-18
(-3 - -2 - (-9 + 6)) + 1
3
What is -2 + 9 + -1 + (3 - -4)?
13
What is -1 + -6 + (45 - 45) + 0 + -2?
-9
What is the value of -12 - (-8 - 16 - -32)?
-20
What is -29 + 5 + 26 - 20?
-18
Evaluate ((1 - 15) + 8 - -5) + 22.
21
What is the value of 4 + -10 + 2 - (2 - 8)?
2
Calculate (-1 + 0 - 3) + 269 + -252 - 2.
11
What is the value of 13 - (-4 + -13 + 26)?
4
What is the value of 1192 + -1171 + -35 + -1?
-15
Evaluate -9 + 8 + -6 + 1 + 1 + 6.
1
-1 + (-31 - -25 - (-10 - 0))
3
-78 + 101 + 9 + -9
23
What is 4 + -36 + 14 + 11?
-7
Evaluate -6 - 0 - (110 - 119).
3
Evaluate 26 + (-7 - -14) + -46.
-13
Evaluate -173 + 142 + 29 + -3.
-5
Evaluate (-27 - 5) + (3 + 7 + -3 - 0).
-25
What is the value of 7 - 0 - (101 - 90)?
-4
Calculate 25 - 2 - (-52 + 86).
-11
Calculate (25 - 22 - (-1 - 7)) + -20.
-9
What is (1 - 19) + -122 + 154?
14
Evaluate -12 - -10 - (-22 + 9).
11
Evaluate (-372 - -371) + (-18 - -1) - -14.
-4
What is -22 + 49 - 21 - (8 + (1 - 0))?
-3
Evaluate 1 - -1 - 7 - ((-110 - -69) + 19).
17
Calculate -17 - 2 - (124 - 138).
-5
What is 12 - (-6 + 14 + -7 - 1)?
12
What is the value of 9 - (26 + -14) - (0 + -1 - -1)?
-3
Evaluate -40 + 48 - ((8 - (4 + -3)) + -1).
2
What is (-19 - -9) + 37 - (0 - -7)?
20
What is the value of -17 - -23 - (-1 - -18) - (0 - -2)?
-13
What is the value of -10 + (-17 - -8) + (-1 - -41)?
21
What is 22 - (25 + 0) - 13?
-16
What is the value of (8 + -34 - -5) + (4 - 